e factors of (7 - 1)*v/(-4)?
3, 5
Let f(s) = -s**3 + 3*s**2 + 3*s + 9. Let w be f(4). Suppose 3*g - 156 = -3*u, -w*u + u + 4*g = -216. What are the prime factors of u?
53
Suppose 0 = -o - 0*o + 278. What are the prime factors of o/4 + 9/(-18)?
3, 23
Suppose -3*v + 2800 = -z + 6*z, -3*v - 1099 = -2*z. What are the prime factors of z?
557
Let b be (13 - 3)*(-7)/(-14). Suppose b*p = 2*v + 466, 0*p - 2*v = p - 86. What are the prime factors of p?
2, 23
Let s = -4302 - -7683. What are the prime factors of s?
3, 7, 23
Suppose 4*v + 5244 = 2*r, -5*r = -0*v - 2*v - 13126. What are the prime factors of r?
2, 13, 101
Let u be 2/(-4) - (-70)/4. Suppose 2*o + 43 = -2*l + u, o - 2*l + 4 = 0. List the prime factors of (36/o)/((-20)/50).
3
Let h(s) = -83*s + 411. List the prime factors of h(-8).
5, 43
Let t(h) = -7*h**3 - h**2 - h - 1. List the prime factors of t(-3).
2, 7, 13
Let h be (-4)/18 + 362/9. Suppose -40 = -22*i + 12*i. Suppose h + 48 = i*k. List the prime factors of k.
2, 11
Suppose 602 = a - 3*k, 2*k + 1834 = 7*a - 4*a. List the prime factors of a.
2, 307
Suppose 1773 = 2*x + t, -4*x + 6*t - 9*t = -3545. What are the prime factors of x?
887
Let i be ((-4)/6 - 6/(-9))/(-3). Suppose -6 = -3*h - 3*f, 2*f - 2 = -h - i*f. List the prime factors of h.
2
Let r = -20 - 0. Let w = r + 36. List the prime factors of w.
2
Suppose -14*j - 1421 = -4375. What are the prime factors of j?
211
Let h be (-1 - -1) + 20 + -19. What are the prime factors of h + -2 - (4 + -13)?
2
Let j(b) = b**3 - 19*b**2 + 51*b + 37. List the prime factors of j(16).
5, 17
Let o(t) = -6*t + 1. Let k(y) = 6*y - 1. Let j(n) = 5*k(n) + 6*o(n). List the prime factors of j(-6).
37
Suppose -1219 = -19*h + 5640. List the prime factors of h.
19
Let s(o) = o**2 + 7*o - 13. Let h be s(-9). Suppose -4*r + i + i + 62 = 0, 0 = i + h. Suppose 3*w - 35 - r = 0. What are the prime factors of w?
2
Let m be 20/(-70) - (-4)/14. Suppose m = -2*a + 26 + 2. Let i = 37 - a. List the prime factors of i.
23
Suppose -2*b + 0*b = -2*v + 8, 0 = 5*v - 20. Let r be 9/(2/(b - 2)). Let m = r - -18. List the prime factors of m.
3
Let l be 2*2/(-20) - 38/10. What are the prime factors of (-11)/(33/(-276)) + l?
2, 11
Let i(z) = -120*z - 9. What are the prime factors of i(-2)?
3, 7, 11
Let m = -211 + 369. Let n = m - 71. List the prime factors of n.
3, 29
Suppose -d + 2 = 0, k - 3*d - 323 = 106. List the prime factors of k.
3, 5, 29
Suppose 4*t = 4*a - 36, 2*t = 4*a - 4 - 12. Let v = t + 18. Suppose -42 - v = -5*j. List the prime factors of j.
2, 5
Let r = -531 - -2727. What are the prime factors of r?
2, 3, 61
Let i be 102/14 - (-6)/(-21). Suppose 8 = -4*n + 5*d, d + i = 4*n - 1. Suppose -n*w + 2*w = -58. List the prime factors of w.
2, 29
List the prime factors of ((-1435)/(-10) + 2)*6.
3, 97
Let d = -3089 - -4719. What are the prime factors of d?
2, 5, 163
Let s(p) = -20*p**3 + p**2 + 3*p + 12. Let l(y) = -13*y**3 + y**2 + 2*y + 8. Let i(c) = -8*l(c) + 5*s(c). What are the prime factors of i(3)?
2, 37
Suppose -31*j - 360 = -34*j. List the prime factors of j.
2, 3, 5
Suppose t = 5*t - 28. Suppose -3*d = -2*d - 5. Suppose d + t = u. What are the prime factors of u?
2, 3
Let z = 236 + -26. List the prime factors of z.
2, 3, 5, 7
Let l(g) = -187*g - 5. Let d(u) = 1. Let p(y) = -6*d(y) - l(y). List the prime factors of p(1).
2, 3, 31
Let b(f) = f - 17. Let v be b(17). Suppose 2*l = -v*l + 8. Suppose l*o - 165 = o. What are the prime factors of o?
5, 11
Suppose 6*t = 8*t - 16. Let m = t - 8. Suppose m = d + 2 - 6. List the prime factors of d.
2
Let s(b) = -b - 8. Let r be s(-8). Suppose r = 3*w - 55 - 263. List the prime factors of w.
2, 53
Let y(l) be the first derivative of 10*l**4 + l**3/3 - 4*l**2 + 7*l - 15. What are the prime factors of y(2)?
3, 5, 7
Let d = 39 + -22. Suppose 3*y + 5 = d. Suppose -225 = -y*b + 27. What are the prime factors of b?
3, 7
Suppose 0 = 4*c - 5*y - 4715, -19*c + 14*c - 2*y + 5902 = 0. List the prime factors of c.
2, 5, 59
Let s(h) be the first derivative of 2*h**2 - 8*h - 2. Let d = 5 - -2. List the prime factors of s(d).
2, 5
Let z = -160 + 160. Suppose -k - 2*a + 1 = z, 3*k - 58 = 4*a + a. What are the prime factors of k?
11
Let o = 3996 - 2390. What are the prime factors of o?
2, 11, 73
Let r(a) = a**3 + 7*a**2 + 7*a + 4. Let k be r(-6). Let w(f) = 5*f + 4*f**2 + 7*f - 5*f + 2 - 5*f + f**3. What are the prime factors of w(k)?
2, 3
Let b = 18 + -22. Let p be b/(-8)*0 - 23. Let k = 83 + p. List the prime factors of k.
2, 3, 5
Suppose 5*b - 302 = -3*x, 3*b - 4*b = -2*x - 50. Let d = b + 70. List the prime factors of d.
2
Suppose 3*y + 121 = 2*q, q + 2*y - 120 = -49. Let w = 112 - q. What are the prime factors of w?
47
Suppose -10*d + 15*d - 30 = 0. Suppose -2*h - 44 = -6*h. Let t = h - d. List the prime factors of t.
5
Let j = 19 - 18. Let a = j - -1. Suppose -3*m = 4*f - 88, -a*f + 45 - 3 = 2*m. List the prime factors of f.
5
Let i = -32 + 54. Suppose 5*f = 4*o - 46, i = -3*f - 0*o + o. Let p = 1 - f. List the prime factors of p.
7
Let r(v) = -v**3 + 11*v**2 - 2*v + 13. Let i be r(11). Let w(b) = -b**3 - 8*b**2 - 15*b - 4. What are the prime factors of w(i)?
2, 53
Let n = 549 + -330. What are the prime factors of n?
3, 73
Let k(q) = q**2 + 4*q - 7. Let l be k(-5). Let y be -1*(-3 + l + 2). List the prime factors of y + (0/3 - 0).
3
Let v(b) be the third derivative of -61*b**4/24 - b**3/6 + 20*b**2. List the prime factors of v(-1).
2, 3, 5
Let l(r) be the first derivative of -r**4/4 + 13*r**3/3 + 3*r**2 + 39*r - 55. List the prime factors of l(13).
3, 13
Suppose 0 = -2*x + 11 + 5. Suppose -x*f - 46 = -9*f. What are the prime factors of f?
2, 23
Let m(g) = 66*g - 2. Let k(w) = -22*w + 1. Let z(d) = d**3 + 6*d + 3. Let x be z(-2). Let q(r) = x*k(r) - 6*m(r). List the prime factors of q(-3).
61
Let j be 1378 + 3*3/(-9)*1. Suppose -13*b + j = -4*b. What are the prime factors of b?
3, 17
Suppose 8*h - 6*h - 12 = 0. Let w = 36 - h. List the prime factors of w.
2, 3, 5
Suppose -1140 = 47*d - 53*d. List the prime factors of d.
2, 5, 19
Suppose 0 = 2*k + 3 - 3. What are the prime factors of 8/6*(k - (-549)/6)?
2, 61
Let s = -8 + 10. Suppose 4*i = s*o - 14, 7*o - 4*o + i - 14 = 0. Suppose 0 = -4*u - o*a + 56, -5*a + 18 = 2*u - 0. List the prime factors of u.
19
Suppose 0 = -11*n + 16*n - 1140. Let d = n + -120. List the prime factors of d.
2, 3
Let i(x) = 805*x - 415. What are the prime factors of i(3)?
2, 5
Suppose 0 = 6*q - 1299 - 8295. What are the prime factors of q?
3, 13, 41
Suppose 10*i + 266 - 5406 = 0. List the prime factors of i.
2, 257
Suppose 10*m = 14*m - 8. Suppose -h + 4*v = -0*h + m, -5*h + 41 = -3*v. List the prime factors of h.
2, 5
Let d(z) = 5*z**2 - 4*z - 10. Let b be d(-6). Suppose 0 = -5*w + b + 86. List the prime factors of w.
2, 7
Let r(d) = -40*d**2 + 2*d + 6. Let v be r(3). List the prime factors of (1/(-3))/(1/v).
2, 29
Suppose 0*i - 7*i + 112 = 0. What are the prime factors of ((-11)/22)/((-1)/i)?
2
Suppose 16 = 4*j + 2*o - 6, 9 = 3*o. Let f = j - 0. List the prime factors of -4 + (8 - f) + 19.
19
Let k be (1 - 49)/8*2/(-4). Suppose 5*l + 951 = 4*x, 2*x - k*l - 235 = 240. What are the prime factors of x?
239
Let d(h) = -2*h + 40. Let w be d(-20). Suppose -453 = -4*a + j, 503 - w = 4*a + 5*j. List the prime factors of a.
2, 7
Let a = -47 + 41. Let t(q) = 3*q**2 - 7*q - 3. List the prime factors of t(a).
3, 7
Suppose 4*h - 16 = -4. Suppose 1 = 2*s - h*y - 7, 2*y = -4*s + 16. Let u(n) = -n**3 + 5*n**2 + 5*n - 5. List the prime factors of u(s).
31
Suppose 3*f - 3342 = -5*g + 4528, f - 2622 = -g. List the prime factors of f.
2, 5, 131
Let r be 1/9*-3*3. What are the prime factors of r*(-70 - 0 - -3)?
67
Let u = 14 + -10. Let i = 2 + u. What are the prime factors of (-21 - 1)*(-7 + i)?
2, 11
Suppose -8*d + 2392 = 5*d. List the prime factors of d.
2, 23
Let t(r) be the second derivative of 3/2*r**2 + 0 + 3*r + 1/6*r**3. What are the prime factors of t(0)?
3
Let t(n) = 65*n + 16. List the prime factors of t(5).
11, 31
Suppose -3*q - 7 = -m + 5, -9 = 2*m + 5*q. Suppose y + 5 = 2*a, -m*a - y - 9 = -7*a. List the prime factors of a.
2
Let o = 38 + -38. List the prime factors of o - -15 - (-3)/(-1).
2, 3
Suppose 5*o + 3*c - 1 = 0, -3*o + c = 4*c + 3. List the prime factors of (1 